11001011100100 (base 2) to base 16
8232e4
What is 2004640 (base 7) in base 13?
83b42
What is -1110111101010101111011 (base 2) in base 8?
-16752573
-6ab759 (base 14) to base 2
-1101111001010101110011
14dd8 (base 15) to base 10
67253
What is 11001000011110101001010 (base 2) in base 6?
352445214
-2305434 (base 7) to base 10
-287655
What is -129698 (base 16) in base 7?
-13232414
Convert 2c6 (base 15) to base 9.
776
1400a31 (base 13) to base 16
6056ef
-1305213 (base 7) to base 3
-22122001100
-114896 (base 11) to base 14
-4a505
340240030 (base 5) to base 13
40381c
Convert -e80e (base 15) to base 4.
-23332220
What is 59889 (base 10) in base 8?
164761
What is 22520564 (base 7) in base 2?
111100001010100111000
What is b1418 (base 14) in base 8?
1500216
What is -401204101 (base 5) in base 15?
-214901
2011021222 (base 3) to base 16
a601
Convert -20111002 (base 5) to base 10.
-160127
What is -26650351 (base 7) in base 4?
-21122003122
-14456413 (base 7) to base 10
-1375636
What is 4605b (base 12) in base 13?
33674
What is -1521032 (base 6) in base 7?
-515423
1101110001100000010000 (base 2) to base 15
4b4c45
What is -322253 (base 6) in base 11?
-18972
154310415 (base 6) to base 13
8b2a79
What is 101222220122 (base 3) in base 8?
646601
4028382 (base 9) to base 15
2c5875
What is -123004103 (base 5) in base 10?
-594278
-6254302 (base 7) to base 4
-2313312022
-32db2a (base 14) to base 13
-4867b2
What is -1a23329 (base 11) in base 10?
-3415740
What is 69588 (base 10) in base 9?
115410
-3332233110 (base 4) to base 12
-4239b0
What is -4400063 (base 8) in base 11?
-736364
Convert -17125a (base 12) to base 14.
-a44aa
Convert -31bd18 (base 15) to base 14.
-4593b9
Convert -2220030101 (base 4) to base 12.
-292815
-1139655 (base 10) to base 5
-242432110
757206 (base 8) to base 5
31103244
What is 63157 (base 16) in base 15?
803b7
Convert 12d25 (base 15) to base 2.
1110101110101111
What is -151237 (base 9) in base 6?
-1553311
Convert -443231 (base 6) to base 16.
-90a3
What is 434420 (base 6) in base 7?
206664
14327153 (base 9) to base 4
123012123222
Convert -550124303 (base 6) to base 2.
-100101011010110011001111
-381096 (base 11) to base 8
-2227165
What is -11340012 (base 5) in base 15?
-21472
What is -109751 (base 12) in base 9?
-444117
-5713406 (base 8) to base 12
-626806
-157a78 (base 12) to base 16
-5963c
Convert 121023301 (base 4) to base 5.
11300103
Convert -117881 (base 9) to base 16.
-1170a
What is -8aa4f5 (base 16) in base 2?
-100010101010010011110101
-4899e1 (base 16) to base 12
-1715569
35412650 (base 8) to base 2
11101100001010110101000
What is -33220320 (base 4) in base 13?
-23205
What is 253272 (base 12) in base 9?
1124455
Convert -a924 (base 13) to base 3.
-1012021011
What is 150132054 (base 6) in base 12?
105102a
What is aee08 (base 16) in base 9?
1311514
4743372 (base 10) to base 15
63a69c
241507 (base 9) to base 15
2d18d
187795 (base 13) to base 6
21114001
-1a5c6 (base 13) to base 2
-1100100101010010
Convert 1440402324 (base 5) to base 15.
50d0e4
Convert 11100110100010110 (base 2) to base 3.
12222220210
What is 413144 (base 13) in base 8?
5631645
Convert -69671 (base 14) to base 10.
-256467
10110101100000000010101 (base 2) to base 11
33a241a
Convert 1206b43 (base 13) to base 7.
65316213
What is 1102012021 (base 3) in base 8?
66304
What is -16d2c1 (base 14) in base 4?
-3010123021
Convert 4512142 (base 6) to base 13.
7c5c2
1677630 (base 9) to base 2
11100100110100111110
Convert -232415 (base 7) to base 5.
-2313321
What is 4014223 (base 5) in base 16?
f8c8
-6b020 (base 14) to base 13
-91886
35736a6 (base 11) to base 9
12641167
Convert c9d50 (base 14) to base 8.
1671562
Convert 1211410 (base 7) to base 14.
402b0
What is -1a450b (base 13) in base 10?
-666547
Convert 200535134 (base 7) to base 16.
b158e5
-65091 (base 11) to base 5
-11011401
6a0c (base 13) to base 9
22367
What is -4646126 (base 8) in base 5?
-310432401
What is 3408902 (base 11) in base 7?
101515034
Convert -335776 (base 8) to base 4.
-123233332
Convert -4300401 (base 7) to base 8.
-1771776
Convert 6c54a (base 16) to base 2.
1101100010101001010
What is 110100011001010110010110 (base 2) in base 6?
1210221234
What is -11131220 (base 4) in base 13?
-a253
-12128b (base 14) to base 9
-1141552
What is -635a19 (base 14) in base 3?
-20022121011111
-146076 (base 8) to base 4
-30300332
Convert -111011101101101000100110 (base 2) to base 9.
-32407402
31154033 (base 8) to base 11
3804422
422331232 (base 5) to base 4
12232002202
Convert -13265a7 (base 11) to base 4.
-20233233200
Convert -4c7cd6 (base 14) to base 6.
-132242340
Convert 1240214 (base 5) to base 2.
101111101110010
Convert 1854852 (base 9) to base 3.
1221211221202
What is -38736 (base 11) in base 13?
-1c31c
What is -302101303132 (base 4) in base 8?
-62216336
Convert 90b88 (base 12) to base 2.
101101111110011000
What is 1121310140 (base 5) in base 12?
a19746
What is 67954 (base 10) in base 4?
100211302
What is -50b3c (base 14) in base 12?
-9452a
Convert -5dee61 (base 16) to base 15.
-818e68
What is 1200212022112 (base 3) in base 14?
196dac
-50775 (base 11) to base 9
-122621
What is -205407 (base 8) in base 11?
-473a5
Convert 517312 (base 10) to base 4.
1332103000
21212011101 (base 3) to base 4
211300222
10033457 (base 8) to base 12
85997b
1101110100111001 (base 2) to base 14
168d3
Convert -1a870 (base 11) to base 15.
-88d1
Convert -696766 (base 10) to base 13.
-1b51b5
Convert 28311 (base 15) to base 4.
133132231
-2202111011 (base 3) to base 16
-d41d
What is -6388160 (base 10) in base 5?
-3113410120
What is -2121002130 (base 4) in base 13?
-18c41a
What is -318684 (base 9) in base 5?
-22040402
Convert -215256040 (base 7) to base 11.
-7371999
Convert 1565884 (base 10) to base 15.
20de74
What is 332220022 (base 4) in base 11?
165802
What is -bbf3 (base 16) in base 10?
-48115
What is c180 (base 15) in base 12?
1b779
Convert -190e4 (base 15) to base 8.
-236476
Convert 411505 (base 7) to base 8.
211116
Convert -18009 (base 11) to base 10.
-25298
What is 102001002200101 (base 3) in base 8?
26303740
Convert -100001010100100111111001 (base 2) to base 9.
-17383425
What is -125330536 (base 7) in base 12?
-2847264
What is -10200101220100 (base 3) in base 12?
-7a4330
133b80 (base 13) to base 11
29883a
What is 194813 (base 12) in base 13?
126b61
What is -428029 (base 16) in base 2?
-10000101000000000101001
4c10a (base 16) to base 8
1140412
What is -62ee5 (base 15) in base 11?
-1a48a2
1685f1 (base 16) to base 8
5502761
Convert -31103343 (base 5) to base 14.
-685c2
Convert -c8ab4 (base 15) to base 16.
-9b7f7
-110011101011001101001 (base 2) to base 13
-473960
What is 2a4e8 (base 15) in base 11?
932a4
What is 135345 (base 10) in base 12?
663a9
What is -10121111000 (base 3) in base 7?
-414120
110101000000101 (base 2) to base 14
9c69
Convert -121221123 (base 6) to base 2.
-1000110010101000101011
-114204433 (base 5) to base 10
-538118
What is -3505550 (base 6) in base 15?
-38593
2434711 (base 8) to base 2
10100011100111001001
What is 1110001000000101100 (base 2) in base 13?
132901
Convert -111130132231 (base 4) to base 5.
-2414343202
Convert -100222322 (base 4) to base 5.
-4141112
1875b9 (base 12) to base 6
13055553
Convert -4a9074 (base 14) to base 5.
-1123412004
-14145 (base 9) to base 4
-2111333
Convert -3024111 (base 5) to base 7.
-261566
What is 7972 (base 10) in base 15?
2567
What is -222383 (base 9) in base 13?
-486c6
Convert 101000100000001111101 (base 2) to base 13.
376157
What is 1037846 (base 11) in base 14?
357559
What is -173844 (base 12) in base 6?
-12325324
Convert 1516118 (base 10) to base 13.
411116
Convert -322133032320 (base 4) to base 15.
-152cd70
241033021 (base 6) to base 14
85cd25
-1021001212012 (base 3) to base 11
-4188a6
1011102200220 (base 3) to base 9
1142626
-6550054 (base 8) to base 15
-24a9d8
What is 180323 (base 9) in base 15?
231d6
What is 2662767 (base 8) in base 4?
2312113313
-21330003113 (base 4) to base 11
-151a419
-738a8 (base 12) to base 6
-3125532
What is -157677 (base 8) in base 3?
-2220120110
Convert 12cc9 (base 16) to base 3.
10220121220
2058d (base 14) to base 10
77937
What is 161421 (base 8) in base 9?
87657
What is -318620 (base 12) in base 15?
-106a49
Convert -2065032 (base 8) to base 12.
-227162
What is 2232323 (base 